d by 8.
6
What is the remainder when 478410 is divided by 423?
420
Calculate the remainder when 21052 is divided by 20821.
231
What is the remainder when 501 is divided by 235?
31
What is the remainder when 221 is divided by 151?
70
Calculate the remainder when 774164 is divided by 511.
510
What is the remainder when 158146 is divided by 1076?
1050
Calculate the remainder when 9115 is divided by 2125.
615
What is the remainder when 30609 is divided by 10147?
168
Calculate the remainder when 5826899 is divided by 300.
299
What is the remainder when 734 is divided by 95?
69
Calculate the remainder when 7792 is divided by 86.
52
Calculate the remainder when 523 is divided by 91.
68
Calculate the remainder when 9939 is divided by 4967.
5
Calculate the remainder when 5382 is divided by 1074.
12
Calculate the remainder when 345234 is divided by 25.
9
Calculate the remainder when 39676 is divided by 13215.
31
What is the remainder when 4343 is divided by 3875?
468
What is the remainder when 121364 is divided by 47?
10
What is the remainder when 7893 is divided by 2556?
225
What is the remainder when 202573 is divided by 219?
217
What is the remainder when 3457 is divided by 781?
333
What is the remainder when 1868 is divided by 630?
608
Calculate the remainder when 16210 is divided by 872.
514
Calculate the remainder when 39206 is divided by 65.
11
Calculate the remainder when 6103572 is divided by 908.
904
Calculate the remainder when 387 is divided by 37.
17
What is the remainder when 53146 is divided by 147?
79
What is the remainder when 101128 is divided by 636?
4
Calculate the remainder when 272243 is divided by 152.
11
Calculate the remainder when 6140 is divided by 595.
190
What is the remainder when 14489 is divided by 290?
279
Calculate the remainder when 3614 is divided by 76.
42
What is the remainder when 1772 is divided by 231?
155
Calculate the remainder when 5329 is divided by 887.
7
Calculate the remainder when 10284245 is divided by 1701.
1700
What is the remainder when 39637 is divided by 19675?
287
Calculate the remainder when 6453 is divided by 1028.
285
What is the remainder when 73888 is divided by 1945?
1923
Calculate the remainder when 25542 is divided by 938.
216
What is the remainder when 132805 is divided by 204?
1
Calculate the remainder when 53119 is divided by 215.
14
Calculate the remainder when 48196 is divided by 87.
85
Calculate the remainder when 8814 is divided by 1464.
30
What is the remainder when 155488 is divided by 11960?
8
Calculate the remainder when 11273 is divided by 191.
4
Calculate the remainder when 251131 is divided by 72.
67
Calculate the remainder when 14792 is divided by 570.
542
What is the remainder when 3705 is divided by 708?
165
Calculate the remainder when 8673 is divided by 1405.
243
Calculate the remainder when 16320 is divided by 8.
0
Calculate the remainder when 43051 is divided by 2530.
41
What is the remainder when 46678 is divided by 15?
13
Calculate the remainder when 4944 is divided by 2463.
18
Calculate the remainder when 2349 is divided by 67.
4
Calculate the remainder when 130732 is divided by 547.
546
What is the remainder when 13436 is divided by 1678?
12
Calculate the remainder when 22855 is divided by 11.
8
Calculate the remainder when 2629 is divided by 62.
25
Calculate the remainder when 2496 is divided by 157.
141
Calculate the remainder when 5207 is divided by 303.
56
What is the remainder when 199198 is divided by 32?
30
What is the remainder when 3637 is divided by 76?
65
Calculate the remainder when 7859 is divided by 314.
9
Calculate the remainder when 6589 is divided by 571.
308
Calculate the remainder when 22432 is divided by 349.
96
Calculate the remainder when 2650 is divided by 5.
0
What is the remainder when 7561 is divided by 1267?
1226
What is the remainder when 54982 is divided by 29?
27
What is the remainder when 8596 is divided by 300?
196
What is the remainder when 8248 is divided by 344?
336
Calculate the remainder when 78535 is divided by 47.
45
Calculate the remainder when 2379 is divided by 2371.
8
What is the remainder when 83523 is divided by 95?
18
Calculate the remainder when 3983 is divided by 838.
631
What is the remainder when 9217325 is divided by 33?
29
What is the remainder when 12219 is divided by 204?
183
Calculate the remainder when 10486 is divided by 677.
331
Calculate the remainder when 42460 is divided by 87.
4
Calculate the remainder when 2696 is divided by 180.
176
Calculate the remainder when 15311 is divided by 15.
11
Calculate the remainder when 2377255 is divided by 19.
13
Calculate the remainder when 4875 is divided by 159.
105
Calculate the remainder when 2525 is divided by 65.
55
Calculate the remainder when 3023027 is divided by 1217.
1216
What is the remainder when 176433 is divided by 1044?
1041
What is the remainder when 6183 is divided by 466?
125
Calculate the remainder when 3513 is divided by 284.
105
What is the remainder when 243 is divided by 27?
0
Calculate the remainder when 7923 is divided by 786.
63
Calculate the remainder when 13697 is divided by 103.
101
Calculate the remainder when 22178 is divided by 11084.
10
Calculate the remainder when 140725 is divided by 70361.
3
What is the remainder when 1486 is divided by 737?
12
What is the remainder when 1702850 is divided by 168?
2
Calculate the remainder when 65190 is divided by 66.
48
What is the remainder when 64966 is divided by 5905?
11
Calculate the remainder when 20988 is divided by 868.
156
Calculate the remainder when 49038 is divided by 62.
58
What is the remainder when 1438 is divided by 214?
154
Calculate the remainder when 2067 is divided by 255.
27
Calculate the remainder when 3051 is divided by 195.
126
Calculate the remainder when 26445 is divided by 755.
20
Calculate the remainder when 1643 is divided by 98.
75
What is the remainder when 10065 is divided by 265?
260
Calculate the remainder when 24693 is divided by 192.
117
Calculate the remainder when 43850 is divided by 91.
79
What is the remainder when 4006 is divided by 123?
70
What is the remainder when 57644 is divided by 63?
62
Calculate the remainder when 5878538 is divided by 369.
368
What is the remainder when 29483 is divided by 13?
12
What is the remainder when 136819 is divided by 2792?
11
What is the remainder when 34757 is divided by 20?
17
Calculate the remainder when 18217 is divided by 42.
31
Calculate the remainder when 1096061 is divided by 64.
61
What is the remainder when 26756 is divided by 23?
7
What is the remainder when 341096 is divided by 1697?
1696
Calculate the remainder when 63774 is divided by 5792.
62
What is the remainder when 15099 is divided by 1676?
15
Calculate the remainder when 168459 is divided by 256.
11
Calculate the remainder when 260570 is divided by 131.
11
What is the remainder when 95342 is divided by 545?
512
Calculate the remainder when 103003 is divided by 28.
19
Calculate the remainder when 15136 is divided by 67.
61
Calculate the remainder when 62245 is divided by 22.
7
Calculate the remainder when 60107 is divided by 113.
104
What is the remainder when 35125 is divided by 362?
11
Calculate the remainder when 4115 is divided by 4092.
23
What is the remainder when 40905 is divided by 471?
399
What is the remainder when 261883 is divided by 186?
181
What is the remainder when 287071 is divided by 28707?
1
Calculate the remainder when 484160 is divided by 12.
8
Calculate the remainder when 245465 is divided by 13.
12
Calculate the remainder when 218895 is divided by 16.
15
Calculate the remainder when 18867 is divided by 3140.
27
Calculate the remainder when 1075 is divided by 1015.
60
Calculate the remainder when 6661 is divided by 1617.
193
What is the remainder when 267749 is divided by 10?
9
Calculate the remainder when 93048 is divided by 1552.
1480
What is the remainder when 2549297 is divided by 689?
686
What is the remainder when 20567 is divided by 110?
107
Calculate the remainder when 66851 is divided by 118.
63
Calculate the remainder when 35802 is divided by 35769.
33
Calculate the remainder when 5615 is divided by 1706.
497
What is the remainder when 39597 is divided by 128?
45
Calculate the remainder when 510743 is divided by 518.
51